{"id":17,"date":"2023-01-10T18:38:54","date_gmt":"2023-01-10T18:38:54","guid":{"rendered":"http:\/\/shihan.pl\/?page_id=17"},"modified":"2023-01-19T14:31:00","modified_gmt":"2023-01-19T14:31:00","slug":"kobido","status":"publish","type":"page","link":"https:\/\/shihan-masaze.pl\/?page_id=17&lang=pl","title":{"rendered":"Kobido"},"content":{"rendered":"\n<p>Kobido jest to japo\u0144ski masa\u017c twarzy, cz\u0119sto okre\u015blany &#8222;niechirurgicznym liftingiem twarzy&#8221;.<br>Masa\u017c ten polega na zastosowaniu 48 staro\u017cytnych technik stymulacji mi\u0119\u015bni i sk\u0142ada si\u0119 ze 100 ruch\u00f3w i obejmuje nast\u0119puj\u0105ce elementy:<\/p>\n\n\n\n<ul class=\"wp-block-list\">\n<li>relaksacji czyli spowodowanie rozlu\u017anienia mi\u0119\u015bni twarzy, szyi, bark\u00f3w i klatki piersiowej,<\/li>\n\n\n\n<li>drena\u017c w trakcie kt\u00f3rego uaktywniane s\u0105 w\u0119z\u0142y ch\u0142onne do bardziej wydajnej pracy. W trakcie drena\u017cu sk\u00f3ra pozbywa si\u0119 z\u0142og\u00f3w wodnych oraz zastoj\u00f3w limfatycznych,<\/li>\n\n\n\n<li>lifting maj\u0105cy za zadanie popraw\u0119 owalu twarzy, przyspieszenie pracy naczy\u0144 krwiono\u015bnych, a dzi\u0119ki temu lepsze od\u017cywienie oraz poprawa struktury sk\u00f3ry,<\/li>\n\n\n\n<li>akupresura polegaj\u0105ca na uciskaniu na konkretne punkty na twarzy przez co zako\u0144czenia nerwowe zostaj\u0105 pobudzone do dzia\u0142ania wp\u0142ywaj\u0105c tym samym na kondycj\u0119 sk\u00f3ry, pomaga r\u00f3wnie\u017c w pozbyciu si\u0119 b\u00f3lu r\u00f3\u017cnego pochodzenia.<br>Inne r\u00f3wnie istotne elementy masa\u017cu Kobido masa\u017c powi\u0119ziowy, rozci\u0105ganie, g\u0142askanie i pocieranie. Wszystkie te elementy maj\u0105 za zadanie odpr\u0119\u017cy\u0107 oraz zaktywowa\u0107 sk\u00f3r\u0119 twarzy, karku i dekoltu. Masa\u017c ten dzi\u0119ki tej technice wp\u0142ywa r\u00f3wnocze\u015bnie na mi\u0119\u015bnie oraz ko\u015bci dzi\u0119ki czemu najg\u0142\u0119bsze struktury twarzy, dekoltu czy karku jest dotleniona i ukrwiona. Takie pobudzenie sk\u00f3ry sprawia \u017ce wszelkie kremy, od\u017cywki czy maseczki lepiej si\u0119 wch\u0142aniaj\u0105 i lepiej dzia\u0142aj\u0105.<br>Chocia\u017c ju\u017c sam masa\u017c dzia\u0142a cuda dla sk\u00f3ry \ud83d\ude0a<br>Rezultaty masa\u017cu w stylu Kobido:<br>\u2022 praca na wielu poziomach sk\u00f3ry: tkanki podsk\u00f3rne, mi\u0119\u015bnie, powi\u0119zi,<br>\u2022 rozlu\u017anienie spi\u0119tych, zmro\u017conych mi\u0119\u015bni,<br>\u2022 zmniejszenie zmarszczek mimicznych i bruzd,<br>\u2022 uniesienie owalu twarzy (lifting bez igie\u0142, nici i skalpela),<br>\u2022 uwypuklenie konturu twarzy, kt\u00f3ry z wiekiem si\u0119 rozmywa,<br>\u2022 drena\u017c limfatyczny, kt\u00f3ry wspomaga detoksykacj\u0119 i poprawia koloryt sk\u00f3ry,<br>\u2022 dog\u0142\u0119bne od\u017cywienie sk\u00f3ry,<br>\u2022 pobudzenie produkcji kolagenu i elastyny,<br>\u2022 przyspieszenie regeneracji kom\u00f3rkowej,<br>\u2022 redukcja napi\u0119cia szyi i karku,<br>\u2022 porz\u0105dny relaks dla cia\u0142a i umys\u0142u. Najlepiej na pocz\u0105tku wzi\u0105\u015b\u0107 seri\u0119 od 8-10 zabieg\u00f3w, p\u00f3\u017aniej przypominaj\u0105ce od jednego do dw\u00f3ch masa\u017cy na miesi\u0105c.<\/li>\n<\/ul>\n","protected":false},"excerpt":{"rendered":"<p>Kobido jest to japo\u0144ski masa\u017c twarzy, cz\u0119sto okre\u015blany &#8222;niechirurgicznym liftingiem twarzy&#8221;.Masa\u017c ten polega na zastosowaniu 48 staro\u017cytnych technik stymulacji mi\u0119\u015bni i sk\u0142ada si\u0119 ze 100 ruch\u00f3w i obejmuje nast\u0119puj\u0105ce elementy:<\/p>\n","protected":false},"author":1,"featured_media":18,"parent":0,"menu_order":0,"comment_status":"closed","ping_status":"closed","template":"","meta":{"footnotes":""},"class_list":["post-17","page","type-page","status-publish","has-post-thumbnail","hentry"],"lang":"pl","translations":{"pl":17,"en":79},"pll_sync_post":[],"_links":{"self":[{"href":"https:\/\/shihan-masaze.pl\/index.php?rest_route=\/wp\/v2\/pages\/17","targetHints":{"allow":["GET"]}}],"collection":[{"href":"https:\/\/shihan-masaze.pl\/index.php?rest_route=\/wp\/v2\/pages"}],"about":[{"href":"https:\/\/shihan-masaze.pl\/index.php?rest_route=\/wp\/v2\/types\/page"}],"author":[{"embeddable":true,"href":"https:\/\/shihan-masaze.pl\/index.php?rest_route=\/wp\/v2\/users\/1"}],"replies":[{"embeddable":true,"href":"https:\/\/shihan-masaze.pl\/index.php?rest_route=%2Fwp%2Fv2%2Fcomments&post=17"}],"version-history":[{"count":3,"href":"https:\/\/shihan-masaze.pl\/index.php?rest_route=\/wp\/v2\/pages\/17\/revisions"}],"predecessor-version":[{"id":44,"href":"https:\/\/shihan-masaze.pl\/index.php?rest_route=\/wp\/v2\/pages\/17\/revisions\/44"}],"wp:featuredmedia":[{"embeddable":true,"href":"https:\/\/shihan-masaze.pl\/index.php?rest_route=\/wp\/v2\/media\/18"}],"wp:attachment":[{"href":"https:\/\/shihan-masaze.pl\/index.php?rest_route=%2Fwp%2Fv2%2Fmedia&parent=17"}],"curies":[{"name":"wp","href":"https:\/\/api.w.org\/{rel}","templated":true}]}}